{"id":796,"date":"2018-08-29T14:14:58","date_gmt":"2018-08-29T17:14:58","guid":{"rendered":"https:\/\/emsma-nqn.infd.edu.ar\/sitio\/plan-662-profesorado-de-musica-con-orientacion-en-instrumento\/"},"modified":"2025-09-24T16:32:50","modified_gmt":"2025-09-24T19:32:50","slug":"plan-662-profesorado-de-musica-con-orientacion-en-instrumento","status":"publish","type":"page","link":"https:\/\/emsma-nqn.infd.edu.ar\/sitio\/plan-662-profesorado-de-musica-con-orientacion-en-instrumento\/","title":{"rendered":"Plan 662  Prof. de M\u00fasica c\/ orientaci\u00f3n en Instrumento:  \/B Clarinete \/E Flauta Dulce \/F Flauta Traversa \/G Guitarra \/J Piano \/N Viol\u00edn\/ P Saxo"},"content":{"rendered":"\n<p><\/p>\n\n\n\n<p><\/p>\n\n\n<p class=\"p1\" style=\"text-align: left;\"><span class=\"s1\">Plan 662 Profesorado de M\u00fasica con Orientaci\u00f3n en Instrumento: <\/span>\/B Clarinete \/E Flauta Dulce \/F Flauta Traversa \/G Guitarra \/J Piano \/N Viol\u00edn \/ \u00d1 Violoncello\/ P Saxo<\/p>\n<p><strong><span style=\"color: #ff0000;\">CON CONVENIO CON LA ESCUELA DE MUSICA DE NEUQU\u00c9N<\/span><\/strong>: Plan 662 A\/ Arpa\u00a0 C\/Corno\u00a0 F\/Fagot\u00a0 H\/Oboe\u00a0 I\/Percusi\u00f3n Acad\u00e9mica\u00a0 K\/Tromb\u00f3n\u00a0 L\/Trompeta\u00a0 M\/Viola\u00a0 \u00a0O\/Contrabajo\u00a0 \u00a0Q\/Tuba\u00a0<\/p>\n<p><a href=\"https:\/\/emsma-nqn.infd.edu.ar\/sitio\/ingreso-2021-pi-requisitos\/\">Requisitos para ingresar\u00a0<\/a><a href=\"https:\/\/emsma-nqn.infd.edu.ar\/sitio\/ingreso-2021-pi-requisitos\/\"><img decoding=\"async\" loading=\"lazy\" class=\"alignnone wp-image-1015\" src=\"https:\/\/emsma-nqn.infd.edu.ar\/sitio\/wp-content\/uploads\/2021\/03\/icono-de-la-mano-del-tecleo-vector-plano-de-la-muestra-del-finger-del-cursor-82898788-2-1000x644.jpg\" alt=\"\" width=\"36\" height=\"23\" srcset=\"https:\/\/emsma-nqn.infd.edu.ar\/sitio\/wp-content\/uploads\/2021\/03\/icono-de-la-mano-del-tecleo-vector-plano-de-la-muestra-del-finger-del-cursor-82898788-2-1000x644.jpg 1000w, https:\/\/emsma-nqn.infd.edu.ar\/sitio\/wp-content\/uploads\/2021\/03\/icono-de-la-mano-del-tecleo-vector-plano-de-la-muestra-del-finger-del-cursor-82898788-2-768x495.jpg 768w, https:\/\/emsma-nqn.infd.edu.ar\/sitio\/wp-content\/uploads\/2021\/03\/icono-de-la-mano-del-tecleo-vector-plano-de-la-muestra-del-finger-del-cursor-82898788-2.jpg 1037w\" sizes=\"(max-width: 36px) 100vw, 36px\" \/><\/a><\/p>\n<p class=\"p1\" style=\"text-align: center;\"><strong><span class=\"s1\">PRIMER A\u00d1O<\/span><\/strong><\/p>\n<p class=\"p1\"><strong><span class=\"s1\">1\u00b0 cuatrimestre<\/span><\/strong><\/p>\n<p class=\"p1\"><span class=\"s1\">Psicolog\u00eda General\u00a0 \/ 4hs<\/span><\/p>\n<p class=\"p1\"><span class=\"s1\">Pedagog\u00eda General \/ 4hs<\/span><\/p>\n<p class=\"p1\"><strong><span class=\"s1\">Anual<\/span><\/strong><\/p>\n<p class=\"p1\"><span class=\"s1\">INSTRUMENTO I \/ 3hs<\/span><\/p>\n<p class=\"p1\"><span class=\"s1\">Elementos de An\u00e1lisis Musical I \/ 4hs<\/span><\/p>\n<p class=\"p1\"><span class=\"s1\">M\u00fasica de C\u00e1mara I \/ 2hs<\/span><\/p>\n<p class=\"p1\"><span class=\"s1\">Expresi\u00f3n Corporal\u00a0 \/ 2 hs<\/span><\/p>\n<p>Educaci\u00f3n Vocal \/ 2 hs<\/p>\n<p class=\"p1\"><span class=\"s1\">Inform\u00e1tica y Nuevos Medios I \/ 3 hs<\/span><\/p>\n<p class=\"p1\"><span class=\"s1\">Did\u00e1ctica General \/ 3hs<\/span><\/p>\n<p class=\"p1\"><span class=\"s1\">Taller de Lectura, escritura y oralidad \/ 3hs<\/span><\/p>\n<p class=\"p1\"><span class=\"s1\">Taller de Pr\u00e1ct.Instit.y Construcci\u00f3n de la Id.Profesional \/ 2hs<\/span><\/p>\n<p class=\"p1\"><strong><span class=\"s1\">2\u00ba cuatrimestre<\/span><\/strong><\/p>\n<p class=\"p1\"><span class=\"s1\">Sujeto del Aprendizaje I \/ 3hs<\/span><\/p>\n<p class=\"p1\"><span class=\"s1\">Historia Argentina Contempor\u00e1nea \/ 4hs<\/span><\/p>\n<p class=\"p1\"><span class=\"s1\">Ac\u00fastica y Organolog\u00eda \/ 3hs<\/span><\/p>\n<p class=\"p1\" style=\"text-align: center;\"><strong><span class=\"s1\">SEGUNDO A\u00d1O<\/span><\/strong><\/p>\n<p class=\"p1\"><strong><span class=\"s1\">1\u00b0cuatrimestre <\/span><\/strong><\/p>\n<p class=\"p1\"><span class=\"s1\">Sujeto del Aprendizaje II 3hs <\/span><\/p>\n<p class=\"p1\"><span class=\"s1\">Did\u00e1ctica de la M\u00fasica para Nivel Inicial 4hs <\/span><\/p>\n<p class=\"p1\"><strong><span class=\"s1\">Anual<\/span><\/strong><\/p>\n<p class=\"p1\"><span class=\"s1\">INSTRUMENTO II \/ 3hs<\/span><\/p>\n<p class=\"p1\"><span class=\"s1\">Elementos de An\u00e1lisis Musical II \/ 4hs<\/span><\/p>\n<p class=\"p1\"><span class=\"s1\">M\u00fasica de C\u00e1mara II \/ 2hs<\/span><\/p>\n<p class=\"p1\"><span class=\"s1\">Canto I \/ 1hs<\/span><\/p>\n<p class=\"p1\"><span class=\"s1\">Coro 4hs<\/span><\/p>\n<p class=\"p1\"><span class=\"s1\">Historia de la M\u00fasica I \/ 3hs<\/span><\/p>\n<p class=\"p1\"><span class=\"s1\">Inform\u00e1tica y Nuevos Medios II \/ 2hs<\/span><\/p>\n<p class=\"p1\"><span class=\"s1\">Expresi\u00f3n Teatral \/ 2hs<\/span><\/p>\n<p class=\"p1\"><span class=\"s1\">Instrumento Arm\u00f3nico Popular complementario I (Guitarra o Piano)\/ 1hs<\/span><\/p>\n<p class=\"p1\"><span class=\"s1\">Taller de Pr\u00e1ct.Docente y Construc.de la Id.Profesional I \/ 3hs<\/span><\/p>\n<p class=\"p1\"><strong><span class=\"s1\">2\u00b0\u00a0cuatrimestre<\/span><\/strong><\/p>\n<p class=\"p1\"><span class=\"s1\">Historia Social de la Educaci\u00f3n \/ 3hs<\/span><\/p>\n<p class=\"p1\"><span class=\"s1\">Did\u00e1ctica de la M\u00fasica para Nivel Primario \/ 4hs<\/span><\/p>\n<p class=\"p1\" style=\"text-align: center;\"><strong><span class=\"s1\">TERCER A\u00d1O<\/span><\/strong><\/p>\n<p class=\"p1\"><strong><span class=\"s1\">1\u00b0 cuatrimestre <\/span><\/strong><\/p>\n<p class=\"p1\"><span class=\"s1\">Instituciones Educativas \/ 3hs<\/span><\/p>\n<p class=\"p1\"><span class=\"s1\">Did\u00e1ctica de la M\u00fasica para Nivel Medio \/ 3hs<\/span><\/p>\n<p class=\"p1\"><span class=\"s1\">Praxis y Elementos T\u00e9cn.en la M\u00fasica Popular I (Latinoamericana) \/ 3hs<\/span><\/p>\n<p class=\"p1\"><strong><span class=\"s1\">Anual<\/span><\/strong><\/p>\n<p class=\"p1\"><span class=\"s1\">INSTRUMENTO III\u00a0 \/ 3hs<\/span><\/p>\n<p class=\"p1\"><span class=\"s1\">Elementos de An\u00e1lisis Musical III \/ 4hs<\/span><\/p>\n<p class=\"p1\"><span class=\"s1\">M\u00fasica de C\u00e1mara III\/\u00a0 2hs<\/span><\/p>\n<p class=\"p1\"><span class=\"s1\">Did\u00e1ctica especializada: Instrumento \/ 2hs<\/span><\/p>\n<p class=\"p1\"><span class=\"s1\">Historia de la M\u00fasica II \/ 3hs<\/span><\/p>\n<p class=\"p1\"><span class=\"s1\">Taller de Pr\u00e1ct.Docente y Construc.de la Id.Profesional II \/ 4hs<\/span><\/p>\n<p class=\"p1\"><span class=\"s1\">Instrumento Arm\u00f3nico Popular complementario II (Guitarra o Piano) \/ 1hs<\/span><\/p>\n<p class=\"p1\"><span class=\"s1\">Direcci\u00f3n Coral I\/\u00a0 2hs<\/span><\/p>\n<p class=\"p1\"><span class=\"s1\">Canto II \/ 1hs<\/span><\/p>\n<p class=\"p1\"><strong><span class=\"s1\">2\u00ba cuatrimestre<\/span><\/strong><\/p>\n<p class=\"p1\"><span class=\"s1\">Sociolog\u00eda de la Educaci\u00f3n \/ 3hs <\/span><\/p>\n<p class=\"p1\"><span class=\"s1\">Ensamble con Orientaci\u00f3n Popular I (Latinoamericana) \/ 3hs <\/span><\/p>\n<p class=\"p1\"><span class=\"s1\">T\u00e9cnicas y Recursos contempor\u00e1neos \/ 3hs<\/span><\/p>\n<p class=\"p1\" style=\"text-align: center;\"><strong><span class=\"s1\">CUARTO A\u00d1O<\/span><\/strong><\/p>\n<p class=\"p1\"><strong><span class=\"s1\">1\u00b0 cuatrimestre <\/span><\/strong><\/p>\n<p class=\"p1\"><span class=\"s1\">Filosof\u00eda de la Educaci\u00f3n \/ 4hs<\/span><\/p>\n<p class=\"p1\"><span class=\"s1\">Residencia en Nivel Inicial Primario y medio \/ 8hs<\/span><\/p>\n<p class=\"p1\"><span class=\"s1\">Praxis y elementos t\u00e9cnicos en la M\u00fasica Popular II (Tango\/Rock) \/ 3hs<\/span><\/p>\n<p class=\"p1\"><strong><span class=\"s1\">Anual<\/span><\/strong><\/p>\n<p class=\"p1\"><span class=\"s1\">INSTRUMENTO IV \/ 3hs<\/span><\/p>\n<p class=\"p1\"><span class=\"s1\">M\u00fasica de C\u00e1mara IV \/ 3hs<\/span><\/p>\n<p class=\"p1\"><span class=\"s1\">Taller de Produc.y Organizaci\u00f3n de Eventos Art\u00edsticos \/ 2hs<\/span><\/p>\n<p class=\"p1\"><span class=\"s1\">T\u00e9cnicas de improvisaci\u00f3n musical \/ 2hs<\/span><\/p>\n<p class=\"p1\"><span class=\"s1\">Residencia en Escuela de M\u00fasica \/ 4hs<\/span><\/p>\n<p class=\"p1\"><span class=\"s1\">Metod. de la Investig.con fines educativos y art\u00edsticos \/ 2hs<\/span><\/p>\n<p class=\"p1\"><strong><span class=\"s1\">2\u00ba cuatrimestre <\/span><\/strong><\/p>\n<p class=\"p1\"><span class=\"s1\">Est\u00e9ticas Contempor\u00e1neas \/ 4hs<\/span><\/p>\n<p class=\"p1\"><span class=\"s1\">Ensamble con Orientaci\u00f3n Popular II (Tango\/Rock) \/\u00a0 3hs<\/span><\/p>\n<p class=\"p1\"><span class=\"s1\">Pr\u00e1ctica Orquestal \/ 4hs<\/span><\/p>\n<p class=\"p1\"><span class=\"s1\">Pr\u00e1ctica de la Direcci\u00f3n Coral en \u00e1mbitos no formales o Pr\u00e1ctica de la Conducci\u00f3n de conjuntos Instrumentales en \u00e1mbitos no formales \/ 4 hs<\/span><\/p>\n\n\n<p><\/p>\n","protected":false},"excerpt":{"rendered":"<p>Plan 662 Profesorado de M\u00fasica con Orientaci\u00f3n en Instrumento: \/B Clarinete \/E Flauta Dulce \/F Flauta Traversa \/G Guitarra \/J Piano \/N Viol\u00edn \/ \u00d1 Violoncello\/ P Saxo CON CONVENIO CON LA ESCUELA DE MUSICA DE NEUQU\u00c9N: Plan 662 A\/ Arpa\u00a0 C\/Corno\u00a0 F\/Fagot\u00a0 H\/Oboe\u00a0 I\/Percusi\u00f3n Acad\u00e9mica\u00a0 K\/Tromb\u00f3n\u00a0 L\/Trompeta\u00a0 M\/Viola\u00a0 \u00a0O\/Contrabajo\u00a0 \u00a0Q\/Tuba\u00a0 Requisitos para ingresar\u00a0 PRIMER &#8230; <a title=\"Plan 662  Prof. de M\u00fasica c\/ orientaci\u00f3n en Instrumento:  \/B Clarinete \/E Flauta Dulce \/F Flauta Traversa \/G Guitarra \/J Piano \/N Viol\u00edn\/ P Saxo\" class=\"read-more\" href=\"https:\/\/emsma-nqn.infd.edu.ar\/sitio\/plan-662-profesorado-de-musica-con-orientacion-en-instrumento\/\" aria-label=\"More on Plan 662  Prof. de M\u00fasica c\/ orientaci\u00f3n en Instrumento:  \/B Clarinete \/E Flauta Dulce \/F Flauta Traversa \/G Guitarra \/J Piano \/N Viol\u00edn\/ P Saxo\">[+]<\/a><\/p>\n","protected":false},"author":28,"featured_media":0,"parent":0,"menu_order":0,"comment_status":"closed","ping_status":"closed","template":"","meta":[],"acf":[],"_links":{"self":[{"href":"https:\/\/emsma-nqn.infd.edu.ar\/sitio\/wp-json\/wp\/v2\/pages\/796"}],"collection":[{"href":"https:\/\/emsma-nqn.infd.edu.ar\/sitio\/wp-json\/wp\/v2\/pages"}],"about":[{"href":"https:\/\/emsma-nqn.infd.edu.ar\/sitio\/wp-json\/wp\/v2\/types\/page"}],"author":[{"embeddable":true,"href":"https:\/\/emsma-nqn.infd.edu.ar\/sitio\/wp-json\/wp\/v2\/users\/28"}],"replies":[{"embeddable":true,"href":"https:\/\/emsma-nqn.infd.edu.ar\/sitio\/wp-json\/wp\/v2\/comments?post=796"}],"version-history":[{"count":15,"href":"https:\/\/emsma-nqn.infd.edu.ar\/sitio\/wp-json\/wp\/v2\/pages\/796\/revisions"}],"predecessor-version":[{"id":2322,"href":"https:\/\/emsma-nqn.infd.edu.ar\/sitio\/wp-json\/wp\/v2\/pages\/796\/revisions\/2322"}],"wp:attachment":[{"href":"https:\/\/emsma-nqn.infd.edu.ar\/sitio\/wp-json\/wp\/v2\/media?parent=796"}],"curies":[{"name":"wp","href":"https:\/\/api.w.org\/{rel}","templated":true}]}}