{"id":840,"date":"2018-08-29T14:15:16","date_gmt":"2018-08-29T17:15:16","guid":{"rendered":"https:\/\/emsma-nqn.infd.edu.ar\/sitio\/consejo-directivo\/"},"modified":"2026-04-24T14:54:50","modified_gmt":"2026-04-24T17:54:50","slug":"consejo-directivo","status":"publish","type":"page","link":"https:\/\/emsma-nqn.infd.edu.ar\/sitio\/consejo-directivo\/","title":{"rendered":"Equipo Directivo y Consejo Acad\u00e9mico"},"content":{"rendered":"<h4>Equipo directivo<\/h4>\n<p><strong>Rectora<\/strong>: Prof. Gabriela Saliva Guevara.<\/p>\n<p><strong>Vicerrectora:<\/strong> Prof. Mar\u00eda Luj\u00e1n Sanchez Berro.<\/p>\n<p><strong>Secretario Acad\u00e9mico<\/strong>:\u00a0 Prof. Freddy Arroyo.<\/p>\n<p><strong>Coordinadora Acad\u00e9mica Nivel Ni\u00f1xs y Fobam, <\/strong>Prof. Tania Rubiolo.<\/p>\n<p><strong>Coordinaci\u00f3n Acad\u00e9mica FoBaM y Terciario<\/strong>, Prof. Natacha Fern\u00e1ndez de Cieza.<\/p>\n<p><span style=\"color: #3366ff;\">Contacto: equipodirectivoescmusica@gmail.com<\/span><\/p>\n<h4><\/h4>\n<h4><strong>Consejo Acad\u00e9mico\u00a0<\/strong><\/h4>\n<p><strong>Coordinaci\u00f3n Profesorado de M\u00fasica, <\/strong>Prof. Alejandro Carrizo<strong><br \/>\n<\/strong><\/p>\n<p><strong>Coordinaci\u00f3n Profesorados de Instrumentos, <\/strong>Prof. Emiliano Ar\u00e1oz<\/p>\n<p><strong>Coordinaci\u00f3n Formaci\u00f3n General, <\/strong>Prof<strong>. <\/strong>Paulina Pellegrini<\/p>\n<p><strong>Coordinaci\u00f3n del Campo de la Pr\u00e1ctica, <\/strong>Prof<strong>. <\/strong>Lucila M\u00e1rsico y Prof. Christian P\u00e1ez, Prof. Marcos Luisi<\/p>\n<p><strong>Coordinaci\u00f3n Tutor\u00edas y Campus Virtual, <\/strong>Prof<strong>. <\/strong>Clara Su\u00e1rez<\/p>\n<p><strong>Coordinaci\u00f3n de Prensa y Difusi\u00f3n<\/strong>, Prof. Diego Dur\u00e1n<\/p>\n<p><strong>Secretar\u00eda de Extensi\u00f3n, <\/strong>Prof<strong>. <\/strong>Mariana M\u00e1rsico<\/p>\n<p><strong>Secretar\u00eda de Investigaci\u00f3n,<\/strong> Prof. Mar\u00eda de la Paz Zapiola<\/p>\n<p><strong>Coordinaci\u00f3n Nivel Ni\u00f1@s, <\/strong>Prof<strong>. <\/strong>Francisco Stier<\/p>\n<p><strong>Coordinaci\u00f3n FoBaM<\/strong>\u00a0Prof. Florencia Fuentes<\/p>\n<p><strong>Jefatura de FoBaM:<\/strong> Prof. Adri\u00e1n Falvella<\/p>\n<p><strong>Jefatura Nivel Ni\u00f1xs,<\/strong> Prof. Silvina Cornejo<\/p>\n","protected":false},"excerpt":{"rendered":"<p>Equipo directivo Rectora: Prof. Gabriela Saliva Guevara. Vicerrectora: Prof. Mar\u00eda Luj\u00e1n Sanchez Berro. Secretario Acad\u00e9mico:\u00a0 Prof. Freddy Arroyo. Coordinadora Acad\u00e9mica Nivel Ni\u00f1xs y Fobam, Prof. Tania Rubiolo. Coordinaci\u00f3n Acad\u00e9mica FoBaM y Terciario, Prof. Natacha Fern\u00e1ndez de Cieza. Contacto: equipodirectivoescmusica@gmail.com Consejo Acad\u00e9mico\u00a0 Coordinaci\u00f3n Profesorado de M\u00fasica, Prof. Alejandro Carrizo Coordinaci\u00f3n Profesorados de Instrumentos, Prof. Emiliano Ar\u00e1oz &#8230; <a title=\"Equipo Directivo y Consejo Acad\u00e9mico\" class=\"read-more\" href=\"https:\/\/emsma-nqn.infd.edu.ar\/sitio\/consejo-directivo\/\" aria-label=\"More on Equipo Directivo y Consejo Acad\u00e9mico\">[+]<\/a><\/p>\n","protected":false},"author":28,"featured_media":0,"parent":0,"menu_order":0,"comment_status":"closed","ping_status":"closed","template":"","meta":[],"acf":[],"_links":{"self":[{"href":"https:\/\/emsma-nqn.infd.edu.ar\/sitio\/wp-json\/wp\/v2\/pages\/840"}],"collection":[{"href":"https:\/\/emsma-nqn.infd.edu.ar\/sitio\/wp-json\/wp\/v2\/pages"}],"about":[{"href":"https:\/\/emsma-nqn.infd.edu.ar\/sitio\/wp-json\/wp\/v2\/types\/page"}],"author":[{"embeddable":true,"href":"https:\/\/emsma-nqn.infd.edu.ar\/sitio\/wp-json\/wp\/v2\/users\/28"}],"replies":[{"embeddable":true,"href":"https:\/\/emsma-nqn.infd.edu.ar\/sitio\/wp-json\/wp\/v2\/comments?post=840"}],"version-history":[{"count":20,"href":"https:\/\/emsma-nqn.infd.edu.ar\/sitio\/wp-json\/wp\/v2\/pages\/840\/revisions"}],"predecessor-version":[{"id":2482,"href":"https:\/\/emsma-nqn.infd.edu.ar\/sitio\/wp-json\/wp\/v2\/pages\/840\/revisions\/2482"}],"wp:attachment":[{"href":"https:\/\/emsma-nqn.infd.edu.ar\/sitio\/wp-json\/wp\/v2\/media?parent=840"}],"curies":[{"name":"wp","href":"https:\/\/api.w.org\/{rel}","templated":true}]}}